{"id":1079,"date":"2020-11-14T21:50:29","date_gmt":"2020-11-14T18:50:29","guid":{"rendered":"http:\/\/www.farklarsozlugu.com\/?page_id=1079"},"modified":"2020-11-14T21:50:30","modified_gmt":"2020-11-14T18:50:30","slug":"reklam","status":"publish","type":"page","link":"https:\/\/www.farklarsozlugu.com\/index.php\/reklam\/","title":{"rendered":"Reklam"},"content":{"rendered":"\n<p>Reklam i\u00e7in <strong><em>ahmedkrgz@gmail.com<\/em><\/strong> adresinden bizimle ileti\u015fime ge\u00e7ebilirsiniz.<\/p>\n","protected":false},"excerpt":{"rendered":"<p>Reklam i\u00e7in ahmedkrgz@gmail.com adresinden bizimle ileti\u015fime ge\u00e7ebilirsiniz.<\/p>\n","protected":false},"author":2,"featured_media":0,"parent":0,"menu_order":0,"comment_status":"closed","ping_status":"closed","template":"pages\/page-full.php","meta":[],"aioseo_notices":[],"_links":{"self":[{"href":"https:\/\/www.farklarsozlugu.com\/index.php\/wp-json\/wp\/v2\/pages\/1079"}],"collection":[{"href":"https:\/\/www.farklarsozlugu.com\/index.php\/wp-json\/wp\/v2\/pages"}],"about":[{"href":"https:\/\/www.farklarsozlugu.com\/index.php\/wp-json\/wp\/v2\/types\/page"}],"author":[{"embeddable":true,"href":"https:\/\/www.farklarsozlugu.com\/index.php\/wp-json\/wp\/v2\/users\/2"}],"replies":[{"embeddable":true,"href":"https:\/\/www.farklarsozlugu.com\/index.php\/wp-json\/wp\/v2\/comments?post=1079"}],"version-history":[{"count":1,"href":"https:\/\/www.farklarsozlugu.com\/index.php\/wp-json\/wp\/v2\/pages\/1079\/revisions"}],"predecessor-version":[{"id":1080,"href":"https:\/\/www.farklarsozlugu.com\/index.php\/wp-json\/wp\/v2\/pages\/1079\/revisions\/1080"}],"wp:attachment":[{"href":"https:\/\/www.farklarsozlugu.com\/index.php\/wp-json\/wp\/v2\/media?parent=1079"}],"curies":[{"name":"wp","href":"https:\/\/api.w.org\/{rel}","templated":true}]}}